8222?
288232
In base 4, what is 13112133031 - -3?
13112133100
In base 13, what is 3 + 35b8?
35bb
In base 7, what is 4 + -26024?
-26020
In base 6, what is 52 - -12351?
12443
In base 12, what is -133 - -b030?
aab9
In base 2, what is -111 - 11010000001101?
-11010000010100
In base 10, what is -3390 + -6?
-3396
In base 4, what is -1011 - -3030102?
3023031
In base 14, what is -73 - 4602?
-4675
In base 16, what is -1c - 4c3?
-4df
In base 2, what is -11010101001 + 10?
-11010100111
In base 10, what is -72225 - -4?
-72221
In base 9, what is -2 - 222404?
-222406
In base 9, what is -37 + 28507?
28460
In base 11, what is -4 - 3620?
-3624
In base 12, what is -1544 + 4?
-1540
In base 10, what is -56 - 1216?
-1272
In base 9, what is -10 + 72732?
72722
In base 16, what is 36 + -199e?
-1968
In base 15, what is a8de - 4?
a8da
In base 13, what is -5987 - 1?
-5988
In base 5, what is 2322014 - 13?
2322001
In base 8, what is 6456457 - -3?
6456462
In base 11, what is 18 + 3063?
3080
In base 2, what is 111001100111 + 11110?
111010000101
In base 3, what is 1200000011211 + -2?
1200000011202
In base 13, what is -2 + -46019?
-4601b
In base 10, what is -84656 + 9?
-84647
In base 9, what is 2 - -10123?
10125
In base 3, what is -112022 - 100020222?
-100210021
In base 16, what is -15ae - 15?
-15c3
In base 5, what is -1434 + 13313?
11324
In base 10, what is -2 + 86315?
86313
In base 2, what is 1011011000010011 + 11?
1011011000010110
In base 5, what is -14034 + -234?
-14323
In base 10, what is -16 + -1012?
-1028
In base 16, what is 730 - -70?
7a0
In base 10, what is 94 + 896?
990
In base 13, what is -50919 - b?
-50927
In base 11, what is 21838 - -4?
21841
In base 14, what is -3 + 35a00?
359db
In base 9, what is 173323 - 8?
173314
In base 5, what is 413323 + 1?
413324
In base 4, what is -2 - -2030020?
2030012
In base 7, what is 3 - -2565152?
2565155
In base 13, what is -5 + -3a1c?
-3a24
In base 15, what is -11 - -2aa9c?
2aa8b
In base 2, what is 110 - 110110100110011?
-110110100101101
In base 6, what is -32 - -50414?
50342
In base 7, what is -10414 + -24?
-10441
In base 2, what is -11110100110001 + 10?
-11110100101111
In base 4, what is -20 - 1200102220?
-1200102300
In base 14, what is -1b5 - 1dd?
-3b4
In base 7, what is 156044 - 6?
156035
In base 2, what is 110010010101011001 - 11?
110010010101010110
In base 4, what is 121 - -3203300?
3210021
In base 7, what is 455026 + -1?
455025
In base 9, what is 143084 + 0?
143084
In base 9, what is -4631 - -21?
-4610
In base 8, what is -215 + -167?
-404
In base 3, what is 20 + -111202220021?
-111202220001
In base 11, what is 70938 + 5?
70942
In base 5, what is -233 + -2421?
-3204
In base 5, what is -3322313 - -3?
-3322310
In base 11, what is -31 - -507?
486
In base 3, what is -10202002 - -2200?
-10122102
In base 4, what is -1023 - 21011?
-22100
In base 9, what is 80013 - -4?
80017
In base 2, what is -1101 + -1101101011?
-1101111000
In base 12, what is 635 - -5?
63a
In base 12, what is 9 + -2946?
-2939
In base 14, what is -3 + -3169c3?
-3169c6
In base 8, what is 7 + 16202?
16211
In base 14, what is -3 - -112d0?
112cb
In base 3, what is 101202 - 100201012?
-100022110
In base 12, what is 16 + -25048?
-25032
In base 13, what is 5 - 171a7?
-171a2
In base 2, what is 1011 + 1001011111?
1001101010
In base 14, what is 4 + -28cb8?
-28cb4
In base 16, what is 3 - 10f?
-10c
In base 9, what is 614 + -338?
265
In base 6, what is -1351523 - -4?
-1351515
In base 4, what is -2131 + 10?
-2121
In base 14, what is -c8a + c?
-c7c
In base 9, what is 3 - 40617?
-40614
In base 5, what is -423 + 132033?
131110
In base 6, what is -251551 + -4?
-251555
In base 6, what is -310 + -30531?
-31241
In base 12, what is -6 - 12ab?
-12b5
In base 16, what is -380c4 - -2?
-380c2
In base 12, what is 13b8b7 + 2?
13b8b9
In base 15, what is -13 - 4d?
-61
In base 10, what is -4 + -94225?
-94229
In base 4, what is -113030311321 - 10?
-113030311331
In base 3, what is -1012 + 10012200?
10011111
In base 12, what is -3 + -2574?
-2577
In base 16, what is 1 - -210b?
210c
In base 6, what is 4 - 2524033?
-2524025
In base 15, what is -1107c - 5?
-11082
In base 5, what is -30044433 - -3?
-30044430
In base 12, what is 18 - -559ab?
55a07
In base 16, what is d + 351b?
3528
In base 6, what is -21 - -530050?
530025
In base 7, what is 4 - -163301?
163305
In base 10, what is -18923 - -3?
-18920
In base 13, what is 502a + -10?
501a
In base 11, what is -4 + 79a80?
79a77
In base 11, what is -41394 - -9?
-41386
In base 4, what is 3 + 121313112?
121313121
In base 9, what is 2488 - -10?
2508
In base 10, what is -3 + 53096?
53093
In base 16, what is 8e - -2e8?
376
In base 3, what is -112111112 + 100022?
-112011020
In base 7, what is 121033 - -23?
121056
In base 15, what is -b63 + 4d7?
-67b
In base 9, what is 415176 - 2?
415174
In base 10, what is -5 + -403157?
-403162
In base 10, what is 100 - 10742?
-10642
In base 11, what is a + -a201?
-a1a2
In base 12, what is 2 + -58065?
-58063
In base 14, what is -74b72 + 5?
-74b6b
In base 6, what is 12123413 - -4?
12123421
In base 8, what is -14 - -60324?
60310
In base 14, what is 2633 + -7?
262a
In base 3, what is -11211 - 2012?
-21000
In base 9, what is -6 - -220353?
220346
In base 7, what is 1642561 - 1?
1642560
In base 4, what is -20 - -3211221?
3211201
In base 11, what is -12089 - 2?
-12090
In base 11, what is -3 - 3437?
-343a
In base 7, what is -142632 + -32?
-142664
In base 13, what is 0 - 27c69?
-27c69
In base 14, what is -82 + -70?
-112
In base 12, what is 0 + 34525?
34525
In base 2, what is 1001011001100 - -1000011111?
1010011101011
In base 8, what is -3 + 141671?
141666
In base 10, what is 7 + 12047?
12054
In base 10, what is -41323 + 6?
-41317
In base 12, what is 6675 - 7?
666a
In base 13, what is -22 + -37662?
-37684
In base 14, what is a4 - -74?
138
In base 5, what is 4 - 24440442?
-24440433
In base 16, what is -1f43b + -5?
-1f440
In base 16, what is 1 + 5a58?
5a59
In base 2, what is -11 - -110001111010001?
110001111001110
In base 10, what is 1 - 24421?
-24420
In base 9, what is -147506 + 15?
-147481
In base 13, what is -5 + -4c86?
-4c8b
In base 16, what is -509 - -57f?
76
In base 16, what is 5 + 27b50?
27b55
In base 10, what is 229846 - 5?
229841
In base 6, what is -4111 - 1524?
-10035
In base 13, what is 0 + -3b5b?
-3b5b
In base 9, what is 2242 - 1172?
1060
In base 7, what is 2241 + 4240?
6511
In base 2, what is -1011100011111110 + -1?
-1011100011111111
In base 8, what is -625 + -1073?
-1720
In base 11, what is -25a25 - 3?
-25a28
In base 11, what is 14 + 1017?
1030
In base 8, what is 45 + 276?
343
In base 12, what is 37 - -6799?
6814
In base 5, what is 10 - 2231140?
-2231130
In base 13, what is 3 + 25018?
2501b
In base 14, what is a5 - -33b?
402
In base 5, what is 13023 + -102?
12421
In base 12, what is 4 + a164?
a168
In base 13, what is 71872c + 4?
718733
In base 11, what is 4059a + -4?
40596
In base 5, what is -1301 + 203304?
202003
In base 6, what is 105415 - -3?
105422
In base 9, what is -6 + -16377?
-16384
In base 7, what is -444 + 3454?
3010
In base 5, what is -102213 + 13?
-102200
In base 7, what is 33145 - -2?
33150
In base 12, what is 1 + 25399?
2539a
In base 8, what is -4 + -36451?
-36455
In base 16, what is -60 + 7a?
1a
In base 11, what is -483 + -1a15?
-2398
In base 6, what is -2 - -45043?
45041
In base 4, what is 111210 + 103?
111313
In base 3, what is 100011010220 - -1002?
100011011222
In base 2, what is -1000101001101011100001 + 10?
-1000101001101011011111
In base 11, what is 4 + -4936a3?
-49369a
In base 15, what is 2 + -4418?
-4416
In base 5, what is -411410132 - 10?
-411410142
In base 13, what is 0 + 377563?
377563
In base 5, what is -334 + 4333?
3444
In base 6, what is 13 - 11031210?
-11031153
In base 5, what is 4324224 + -3?
4324221
In base 9, what is -2 - -640812?
640810
In base 10, what is 62 + 82?
144
In base 12, what is 3098 - 19?
307b
In base 14, what is -a5 + -26?
-cb
In base 10, what is -127 - -21123?
20996
In base 7, what is -50 - -3315?
3235
In base 10, what is 49 + -6538?
-6489
In base 5, what is -34401343 - 14?
-34401412
In base 7, what is 1551 + 5330?
10211
In base 14, what is -12 + 312a3?
31291
In base 4, what is -3012300 - -3?
-3012231
In base 12, what is -2 - 1b2b0?
-1b2b2
In base 4, what is 2333123 + 1?
2333130
In